s divided by (8/5)/((-2)/(-20))?
13
Let j(h) = -130*h - 2072. What is the remainder when 534 is divided by j(-17)?
120
Let r(c) = 2*c**2 + 336*c - 2074. Let t(o) = 58*o - 14. What is the remainder when t(4) is divided by r(6)?
8
Let d = 8510 + -7320. What is the remainder when d is divided by 75?
65
Let w(b) = -3*b + 133. Suppose -18*u + 374 = -7*u. What is the remainder when w(u) is divided by 4/3*2*6?
15
Suppose i - 99 = 3*o, -3*i = 2*i - o - 495. Let z(a) = -a**3 + 241*a**2 - 6509*a - 192. Calculate the remainder when i is divided by z(210).
9
Let c be ((-4)/(-12))/(1/711). Let z = -224 + c. Calculate the remainder when 20 is divided by z.
7
Suppose -467*c + 464*c + 2*r + 35 = 0, 2*r = -2*c + 10. Calculate the remainder when 395 is divided by c.
8
Let y(j) = -2077*j + 3255. Let i(g) = -56*g + 88. Let f(m) = -186*i(m) + 5*y(m). Calculate the remainder when f(4) is divided by 16.
15
Suppose 2*z - 26 = 22. Suppose 12*u - 3185 = 4*u - 41*u. Calculate the remainder when u is divided by z.
17
Let j = 9 + -2. What is the remainder when 529 + (-1)/(j/(-56)) is divided by 20?
17
Let s(w) = 59*w - 149. Calculate the remainder when 5011 is divided by s(3).
27
Suppose 0 = 3*m - 9 - 3. Let w be 1*2/(-4)*(-23 - -15). What is the remainder when 175/14*w/5 is divided by m?
2
Let t = -168 - -309. Let p = -183 - -228. Suppose -z - 2*i - 9 = -31, 2*z - p = -3*i. What is the remainder when t is divided by z?
21
Suppose -1797 = -4*n + 2*j - 355, 3*n - 1088 = -5*j. Suppose 5*c + 338 - 378 = 0. Suppose -n = c*b - 1057. What is the remainder when b is divided by 9?
6
Calculate the remainder when 652 + (11 - 24) + 19 is divided by 216.
10
Suppose 2*k = -2*v + 405 - 1477, -2*k - 4*v = 1078. Let q = k + 553. Calculate the remainder when 195 is divided by q.
15
Let g = -505 + 224. Let k = 317 + g. Calculate the remainder when 464 is divided by k.
32
Suppose -15 = 9*l + 21. What is the remainder when 110/44 - 1122/l is divided by 19?
17
Suppose -3*l = -24*d + 27*d - 435, -3*d + 433 = 2*l. What is the remainder when 277 is divided by d?
134
Suppose 2247 + 2253 = 9*i. Let h = i - 422. What is the remainder when 1012 is divided by h?
76
Suppose 0 = -5878*h + 5877*h - 3*p + 169, -3*h = p - 531. Calculate the remainder when h is divided by 50.
28
Suppose -8*u = 2*v - 68, 5*v + 30 = -5*u + 200. Let w(k) = 2*k**2 + 6*k - 7. What is the remainder when w(5) is divided by v?
5
Let l(s) = -s**3 - 28*s**2 + 60*s + 948. What is the remainder when (-2638)/(-6) + (-2)/3 is divided by l(-29)?
47
Let k = -52 - -113. Let m = 326 - 347. Calculate the remainder when k is divided by m/(-315) + 717/45.
13
Let k(h) = -h + 21. Let i be k(9). Let o be 1*-3*6/(-9). What is the remainder when (57/o)/(6/i) - 2 is divided by 28?
27
Let k be 0 + 8*(-5)/10. Calculate the remainder when 6*(4 - (-14)/k) + 31 is divided by 7.
6
Let b(q) = -8 + 0*q**2 - q - 16*q + 3*q**2 - 44 - 33. What is the remainder when 115 is divided by b(-4)?
22
Let q(f) = 6*f**2 + 27*f - 49. What is the remainder when q(-17) is divided by 104?
82
Let l(t) = -4*t**2 + 0*t**3 + 3*t**2 - 3*t**2 + 5*t**2 + t**3 + 12. What is the remainder when 95 is divided by l(0)?
11
Let h(f) = -10*f**2 + 419*f - 93. Calculate the remainder when h(40) is divided by 642.
25
Suppose 28*h - 4*o = 31*h - 302, 2*o + 8 = 0. What is the remainder when 164 is divided by h?
58
Let p = 1629 - 1487. Calculate the remainder when p is divided by ((-8)/(-10))/((-3)/(-180)).
46
Let y be (874/6 + -5)/((-8)/(-36)). Let m = y - 436. Calculate the remainder when m is divided by 50.
47
Let t be 5 - (-3 + -22 - 8). Suppose -18*j - t*j + 1288 = 0. Calculate the remainder when 135 is divided by j.
20
Let o(d) = -d**3 + 4*d**2 + 5*d. Suppose -1905*t - 5*x + 228 = -1904*t, 1062 = 5*t - x. What is the remainder when t is divided by o(4)?
13
Let j(h) = -h - 2*h**2 - 1 + 12*h**2 + 47*h**2. Suppose 57*q + 12 = 61*q, -3*s - 4*q = -345. What is the remainder when s is divided by j(-1)?
54
Let g(j) = -12*j - 11. Let c be g(-5). Let d = 71 - c. Suppose 4*n - 5*n = -d. What is the remainder when n is divided by 8?
6
Let d(q) = -2*q**2 - 229*q - 6527. What is the remainder when 2/(105/103 - 1) is divided by d(-59)?
15
Suppose -2*g - 2 = -6. Suppose 137 = 12*b - 571. What is the remainder when b is divided by ((-30)/(-8))/(g/16)?
29
Suppose 39*g = 36*g + 84. What is the remainder when (-390)/(-7) + g/98 is divided by 21?
14
Suppose 12*x + 60 - 348 = 0. Suppose 26*n + l = x*n + 2, 8 = -4*l. Calculate the remainder when 41 is divided by n.
1
Suppose -5*f = -4*m + 3900, 5*m = 3*f + 1843 + 510. Calculate the remainder when f/(-26) + 14/91 + 4 is divided by 23.
11
Let f = -3207 - -3679. What is the remainder when f is divided by 79?
77
Let k = 32 + -15. Suppose 90*v - 140 = 95*v. What is the remainder when ((-1300)/(-28))/1 + (-16)/v is divided by k?
13
Let n(g) = g**2 + 20*g - 62. What is the remainder when 138 is divided by n(4)?
2
Let y be (-2)/(-8) - 7/(-4). Let m = y - -8. Suppose 11512*h - 11390*h - 732 = 0. What is the remainder when m is divided by h?
4
Suppose -5 = -17*g + 16*g. Suppose -4*y = -3*y + 2*v - 3, -35 = -5*y - g*v. What is the remainder when 5 is divided by (-276)/(-66) + (-2)/y?
1
Let g = 667 + -961. Let z = 353 + g. What is the remainder when z is divided by (-2)/5 + (-204)/(-10)?
19
Suppose 15*u - 294 = 9*u. Calculate the remainder when 119 is divided by (560/u)/(((-12)/14)/(-3)).
39
Suppose 0 = 4*l - 3*i - 304, -538*l + 540*l + 4*i = 130. Calculate the remainder when l is divided by 49.
24
What is the remainder when 298 is divided by 20/(-260) + (-81)/(-39) + 289?
7
Suppose v - 304 = -3*n, -v + 2 - 1 = 0. Let w = -94 + n. What is the remainder when 47 is divided by w?
5
Let p be (2*1)/((-16)/(-104)). Suppose -3*w - 28*w = 155. Let x = w + p. Calculate the remainder when 10 is divided by x.
2
What is the remainder when 8/8 + -6 + -6 + 856 is divided by 198?
53
Suppose -8*p = -0*p. Suppose p = -t + 3*t - 14. Let g = 40 + -37. What is the remainder when t is divided by g?
1
Suppose 66 = -35*w + 37*w. Let d = w + 94. What is the remainder when d is divided by 44?
39
Let f = 292 - 272. What is the remainder when (-14)/(-49) + (-1506)/(-21) is divided by f?
12
Let x = 808 - 376. Let j be (x/20)/((-6)/(-20)). Suppose 0 = 70*y - j*y + 24. Calculate the remainder when 21 is divided by y.
9
Let g = 367 - -278. Suppose 4*f + f + 25 = 0, -3*q - 3*f = -g. Calculate the remainder when q is divided by 56.
52
Let q be (-3)/(3/8*4). Let m be (-1 + 12/(-8))*q. Suppose -m*l = -10*l + 100. Calculate the remainder when 53 is divided by l.
13
Suppose 0 = -3*v - 3, -h - 76 = 5*v - 16. What is the remainder when (-20)/((-210)/h - 4) is divided by 28?
26
Let z = -1979 - -1180. Let f = -622 - z. What is the remainder when f is divided by 46?
39
Suppose 5*a + 20 = 0, -2*q = -8*a + 5*a + 164. Calculate the remainder when 134 is divided by ((-8)/(-6))/(q/(-2244)).
32
What is the remainder when 5*-122*(-896)/2240 is divided by 22?
2
Suppose 4*l = -r + 14, -2*l + 4 = r - 6. Suppose -2*x + 96 = r*x. Suppose 137 + 34 = 3*d. What is the remainder when d is divided by x?
9
Let o(r) = 28*r**2 - 14 - 2*r**3 - 36*r**2 - 3*r**3 + 7*r + 4*r**3. Calculate the remainder when 25 is divided by o(-9).
1
Suppose -669 = -3*o - 5*g, -g + 3*g + 6 = 0. Suppose 6*n + 54 = o. Suppose n = 3*b - 2*b. Calculate the remainder when 115 is divided by b.
28
Let y(q) = q**3 + 24*q**2 - 21*q - 1. Calculate the remainder when y(-22) is divided by 10.
9
Let q = 8773 - 8528. What is the remainder when q is divided by 44?
25
Suppose 15*v - 362 = 2*a + 18*v, -5*a - 931 = v. Let o = -95 - a. Calculate the remainder when o is divided by 31.
30
Suppose -2961 = -98*t + 1253. Calculate the remainder when 429 is divided by t.
42
Let a(y) = y**3 - 5*y**2 - 6*y - 6. Let m be a(6). Let t(d) = -4*d + 3. Calculate the remainder when 32 is divided by t(m).
5
Let h = 9024 + -7924. What is the remainder when h is divided by 73?
5
Suppose 1935*m - 1875*m = 253980. What is the remainder when m is divided by 73?
72
Let k(b) = 17*b - 14. Suppose 601*m = 611*m - 780. Calculate the remainder when m is divided by k(2).
18
Let o(v) = 4*v + 2. Suppose -m - 3*u = 0, -2*m + 2*u + 3*u = 22. Let s(f) = f**3 + 2*f**2 - 30*f - 7. What is the remainder